{"id":930,"date":"2024-03-26T21:56:45","date_gmt":"2024-03-26T21:56:45","guid":{"rendered":"https:\/\/giasaconstrucciones.com.mx\/site\/?page_id=930"},"modified":"2024-03-28T00:07:03","modified_gmt":"2024-03-28T00:07:03","slug":"aviso-de-privacidad","status":"publish","type":"page","link":"https:\/\/giasaconstrucciones.com.mx\/site\/aviso-de-privacidad\/","title":{"rendered":"Aviso de Privacidad"},"content":{"rendered":"\t\t<div data-elementor-type=\"wp-page\" data-elementor-id=\"930\" class=\"elementor elementor-930\">\n\t\t\t\t<div class=\"elementor-element elementor-element-39b952c e-con-full e-flex e-con e-parent\" data-id=\"39b952c\" data-element_type=\"container\" data-e-type=\"container\" data-settings=\"{&quot;background_background&quot;:&quot;classic&quot;}\">\n\t\t<div class=\"elementor-element elementor-element-a36a0d6 e-flex e-con-boxed e-con e-child\" data-id=\"a36a0d6\" data-element_type=\"container\" data-e-type=\"container\">\n\t\t\t\t\t<div class=\"e-con-inner\">\n\t\t\t\t<div class=\"elementor-element elementor-element-7239bff elementor-invisible elementor-widget elementor-widget-heading\" data-id=\"7239bff\" data-element_type=\"widget\" data-e-type=\"widget\" data-settings=\"{&quot;_animation&quot;:&quot;fadeInLeft&quot;}\" data-widget_type=\"heading.default\">\n\t\t\t\t<div class=\"elementor-widget-container\">\n\t\t\t\t\t<h2 class=\"elementor-heading-title elementor-size-default\">AVISO <b>DE PRIVACIDAD<\/b><\/h2>\t\t\t\t<\/div>\n\t\t\t\t<\/div>\n\t\t\t\t\t<\/div>\n\t\t\t\t<\/div>\n\t\t<div class=\"elementor-element elementor-element-def1adc e-flex e-con-boxed elementor-invisible e-con e-child\" data-id=\"def1adc\" data-element_type=\"container\" data-e-type=\"container\" data-settings=\"{&quot;animation&quot;:&quot;fadeInRight&quot;}\">\n\t\t\t\t\t<div class=\"e-con-inner\">\n\t\t\t\t<div class=\"elementor-element elementor-element-435e6f7 elementor-widget elementor-widget-text-editor\" data-id=\"435e6f7\" data-element_type=\"widget\" data-e-type=\"widget\" data-widget_type=\"text-editor.default\">\n\t\t\t\t<div class=\"elementor-widget-container\">\n\t\t\t\t\t\t\t\t\t<p><strong>Grupo Inmobiliario Arrendador S.A de C.V.<\/strong>, (en adelante, <strong>GIASA<\/strong>), con domicilio en Calle Zincamex n\u00famero 421, Colonia Villa Vergel, C\u00f3digo Postal 25210, Saltillo, Coahuila, M\u00e9xico, el cual cuenta con un portal de internet <em>www.giasaconstrucciones.com.mx<\/em>, declara que es responsable del uso y la protecci\u00f3n de sus datos personales y al respecto le informamos lo siguiente:<\/p><p>Los datos personales que de usted recabamos, los utilizaremos para las siguientes finalidades:<\/p><ul><li>Llevar a cabo su alta como proveedor en nuestros sistemas inform\u00e1ticos;<\/li><li>Llevar a cabo licitaciones privadas;<\/li><li>Generar \u00f3rdenes de compra, contratos, convenios;<\/li><li>Revisi\u00f3n de antecedente comerciales.<\/li><li>Revisi\u00f3n de capacidad financiera, t\u00e9cnica y de afianzamiento;<\/li><li>An\u00e1lisis y evaluaciones internas de las operaciones comerciales;<\/li><li>Solicitar y proporcionar referencias comerciales;<\/li><li>Realizar procesos de Seguridad patrimonial e inform\u00e1tica a trav\u00e9s de grabaciones de video, registros dactilares o biom\u00e9tricos;<\/li><li>Compartir su informaci\u00f3n con los propietarios de los proyectos en los cuales participamos a trav\u00e9s de sitios web propiedad de nuestros clientes o de terceros o a trav\u00e9s de correo electr\u00f3nico.<\/li><li>En caso de trabajadores de <strong>GIASA<\/strong>, para alta y registro en nuestros sistemas inform\u00e1ticos; realizar procesos de Seguridad patrimonial e inform\u00e1tica a trav\u00e9s de grabaciones de video, registros dactilares o biom\u00e9tricos; elaboraci\u00f3n de contrato y documentos laborales; revisi\u00f3n de antecedentes laborales y en algunos casos compartir informaci\u00f3n con proveedores de servicios y despachos de abogados, contadores p\u00fablicos y asesores en general.<\/li><\/ul><p>Para llevar a cabo las finalidades descritas en el presente <strong>Aviso de Privacidad<\/strong>, es probable que utilicemos algunos de los siguientes datos personales:<\/p><ul><li>Nombre, raz\u00f3n o denominaci\u00f3n social.<\/li><li>Registro Federal de Contribuyentes (RFC).<\/li><li>Documentos corporativos (Actas, asambleas, poderes, etc\u00e9tera).\u00a0<\/li><li>Informaci\u00f3n financiera, legal y contable.<\/li><li>Nacionalidad.<\/li><li>Domicilio.<\/li><li>Tel\u00e9fono particular y celular.<\/li><li>Correo electr\u00f3nico.<\/li><li>Historial crediticio.<\/li><li>Informaci\u00f3n de cuentas bancarias.<\/li><li>Informaci\u00f3n relacionada con Seguros o fianzas.<\/li><li>Registro Patronal ante el IMSS.<\/li><li>Alta de sus trabajadores ante el IMSS e INFONAVIT.<\/li><li>Comprobantes de pago de las cuotas obrera patronales y copia de la emisi\u00f3n del SUA del IMSS, Infonavit y RCV y documento emitido por instituci\u00f3n bancaria que acredite el pago del Impuesto Sobre N\u00f3minas (ISN) y formato de pago.<\/li><li>Grabaciones de video, fotografias, registros dactilares o biom\u00e9tricos tanto en instalaciones propias de <strong>GIASA<\/strong> o de nuestros clientes.<\/li><\/ul><p>Le informamos que sus datos personales son compartidos dentro y fuera del pa\u00eds con las siguientes personas, empresas, organizaciones o autoridades distintas a nosotros, para los fines arriba descritos.<\/p><p>\u00a0<\/p><p><strong>DERECHOS ARCO<\/strong><\/p><p>Usted tiene derecho a conocer qu\u00e9 datos personales tenemos de usted, para qu\u00e9 los utilizamos y las condiciones del uso que les damos (Acceso). Asimismo, es su derecho solicitar la correcci\u00f3n de su informaci\u00f3n personal en caso de que est\u00e9 desactualizada, sea inexacta o incompleta (Rectificaci\u00f3n); que la eliminemos de nuestros registros o bases de datos cuando considere que la misma no est\u00e1 siendo utilizada adecuadamente (Cancelaci\u00f3n); as\u00ed como oponerse al uso de sus datos personales para fines espec\u00edficos (Oposici\u00f3n). Estos derechos se conocen como derechos <strong>GIASA<\/strong>.<\/p><p>Para el ejercicio de cualquiera de los derechos <strong>GIASA<\/strong>, usted deber\u00e1 presentar la solicitud respectiva a trav\u00e9s del siguiente medio:<\/p><p style=\"padding-left: 40px;\">Correo electr\u00f3nico: <em>juridico@giasamx.com<\/em><\/p><p>Los datos de contacto de la persona o departamento de datos personales, que est\u00e1 a cargo de dar tr\u00e1mite a las solicitudes de derechos <strong>GIASA<\/strong>, son los siguientes:<\/p><ol><li>Departamento jur\u00eddico.<\/li><li>N\u00famero telef\u00f3nico: 844-800-2300.<\/li><\/ol><p>Usted puede revocar el consentimiento que, en su caso, nos haya otorgado para el tratamiento de sus datos personales. Sin embargo, es importante que tenga en cuenta que no en todos los casos podremos atender su solicitud o concluir el uso de forma inmediata, ya que es posible que por alguna obligaci\u00f3n legal requiramos seguir tratando sus datos personales. Asimismo, usted deber\u00e1 considerar que, para ciertos fines, la revocaci\u00f3n de su consentimiento implicar\u00e1 que no le podamos seguir prestando el servicio que nos solicit\u00f3, o la conclusi\u00f3n de su relaci\u00f3n con nosotros.<\/p><p>Para revocar su consentimiento deber\u00e1 presentar su solicitud a trav\u00e9s del siguiente medio:<\/p><p style=\"padding-left: 40px;\">Correo electr\u00f3nico: <em>juridico@giasamx.com<\/em><\/p><p>Para conocer el procedimiento y requisitos para la revocaci\u00f3n del consentimiento, ponemos a su disposici\u00f3n el siguiente medio:<\/p><ul><li>Correo electr\u00f3nico: <em>juridico@giasamx.com<\/em><\/li><li><em>www.giasaconstrucciones.com.mx<\/em><\/li><\/ul><p>Con objeto de que usted pueda limitar el uso y divulgaci\u00f3n de su informaci\u00f3n personal, le ofrecemos los siguientes medios:<\/p><ul><li>Correo electr\u00f3nico: <em>juridico@giasamx.com<\/em><\/li><li><em>www.giasaconstrucciones.com.mx<\/em><\/li><\/ul><p>Le informamos que en nuestra p\u00e1gina de internet utilizamos cookies, web beacons u otras tecnolog\u00edas, a trav\u00e9s de las cuales es posible monitorear su comportamiento como usuario de internet, as\u00ed como brindarle un mejor servicio y experiencia al navegar en nuestra p\u00e1gina.<\/p><p>Los datos personales que recabamos a trav\u00e9s de estas tecnolog\u00edas, los utilizaremos para los siguientes fines:<\/p><ul><li>Para contactarle.<\/li><\/ul><p>Los datos personales que obtenemos de estas tecnolog\u00edas de rastreo son los siguientes:<\/p><ul><li>Idioma preferido por el usuario.<\/li><li>Regi\u00f3n en la que se encuentra el usuario.<\/li><li>Tel\u00e9fono.<\/li><\/ul><p>El presente <strong>Aviso de Privacidad<\/strong> puede sufrir modificaciones, cambios o actualizaciones derivadas de nuevos requerimientos legales; de nuestras propias necesidades por los productos o servicios que ofrecemos; de nuestras pr\u00e1cticas de privacidad; de cambios en nuestro modelo de negocio, o por otras causas.<\/p><p>Nos comprometemos a mantenerlo informado sobre los cambios que puede sufrir el presente <strong>Aviso de Privacidad<\/strong>, a trav\u00e9s de:<\/p><ul><li><em>www.giasaconstrucciones.com.mx<\/em><\/li><\/ul><p>El procedimiento a trav\u00e9s del cual se llevar\u00e1n a cabo las notificaciones sobre cambios o actualizaciones al presente al <strong>Aviso de Privacidad<\/strong> es el siguiente:<\/p><ul><li>Mediante avisos en la p\u00e1gina web <em>www.giasaconstrucciones.com.mx<\/em><\/li><\/ul><p>Consiento que mis datos personales sean tratados de conformidad con los t\u00e9rminos y condiciones informados en el presente <strong>Aviso de Privacidad.<\/strong><\/p>\t\t\t\t\t\t\t\t<\/div>\n\t\t\t\t<\/div>\n\t\t\t\t\t<\/div>\n\t\t\t\t<\/div>\n\t\t\t\t<\/div>\n\t\t\t\t<\/div>\n\t\t","protected":false},"excerpt":{"rendered":"<p>AVISO DE PRIVACIDAD Grupo Inmobiliario Arrendador S.A de C.V., (en adelante, GIASA), con domicilio en Calle Zincamex n\u00famero 421, Colonia [&hellip;]<\/p>\n","protected":false},"author":1,"featured_media":0,"parent":0,"menu_order":0,"comment_status":"closed","ping_status":"closed","template":"","meta":{"site-sidebar-layout":"no-sidebar","site-content-layout":"","ast-site-content-layout":"full-width-container","site-content-style":"default","site-sidebar-style":"default","ast-global-header-display":"","ast-banner-title-visibility":"","ast-main-header-display":"","ast-hfb-above-header-display":"","ast-hfb-below-header-display":"","ast-hfb-mobile-header-display":"","site-post-title":"disabled","ast-breadcrumbs-content":"","ast-featured-img":"disabled","footer-sml-layout":"","ast-disable-related-posts":"","theme-transparent-header-meta":"","adv-header-id-meta":"","stick-header-meta":"","header-above-stick-meta":"","header-main-stick-meta":"","header-below-stick-meta":"","astra-migrate-meta-layouts":"default","ast-page-background-enabled":"default","ast-page-background-meta":{"desktop":{"background-color":"var(--ast-global-color-4)","background-image":"","background-repeat":"repeat","background-position":"center center","background-size":"auto","background-attachment":"scroll","background-type":"","background-media":"","overlay-type":"","overlay-color":"","overlay-opacity":"","overlay-gradient":""},"tablet":{"background-color":"","background-image":"","background-repeat":"repeat","background-position":"center center","background-size":"auto","background-attachment":"scroll","background-type":"","background-media":"","overlay-type":"","overlay-color":"","overlay-opacity":"","overlay-gradient":""},"mobile":{"background-color":"","background-image":"","background-repeat":"repeat","background-position":"center center","background-size":"auto","background-attachment":"scroll","background-type":"","background-media":"","overlay-type":"","overlay-color":"","overlay-opacity":"","overlay-gradient":""}},"ast-content-background-meta":{"desktop":{"background-color":"var(--ast-global-color-5)","background-image":"","background-repeat":"repeat","background-position":"center center","background-size":"auto","background-attachment":"scroll","background-type":"","background-media":"","overlay-type":"","overlay-color":"","overlay-opacity":"","overlay-gradient":""},"tablet":{"background-color":"var(--ast-global-color-5)","background-image":"","background-repeat":"repeat","background-position":"center center","background-size":"auto","background-attachment":"scroll","background-type":"","background-media":"","overlay-type":"","overlay-color":"","overlay-opacity":"","overlay-gradient":""},"mobile":{"background-color":"var(--ast-global-color-5)","background-image":"","background-repeat":"repeat","background-position":"center center","background-size":"auto","background-attachment":"scroll","background-type":"","background-media":"","overlay-type":"","overlay-color":"","overlay-opacity":"","overlay-gradient":""}},"footnotes":""},"class_list":["post-930","page","type-page","status-publish","hentry"],"_links":{"self":[{"href":"https:\/\/giasaconstrucciones.com.mx\/site\/wp-json\/wp\/v2\/pages\/930","targetHints":{"allow":["GET"]}}],"collection":[{"href":"https:\/\/giasaconstrucciones.com.mx\/site\/wp-json\/wp\/v2\/pages"}],"about":[{"href":"https:\/\/giasaconstrucciones.com.mx\/site\/wp-json\/wp\/v2\/types\/page"}],"author":[{"embeddable":true,"href":"https:\/\/giasaconstrucciones.com.mx\/site\/wp-json\/wp\/v2\/users\/1"}],"replies":[{"embeddable":true,"href":"https:\/\/giasaconstrucciones.com.mx\/site\/wp-json\/wp\/v2\/comments?post=930"}],"version-history":[{"count":24,"href":"https:\/\/giasaconstrucciones.com.mx\/site\/wp-json\/wp\/v2\/pages\/930\/revisions"}],"predecessor-version":[{"id":1393,"href":"https:\/\/giasaconstrucciones.com.mx\/site\/wp-json\/wp\/v2\/pages\/930\/revisions\/1393"}],"wp:attachment":[{"href":"https:\/\/giasaconstrucciones.com.mx\/site\/wp-json\/wp\/v2\/media?parent=930"}],"curies":[{"name":"wp","href":"https:\/\/api.w.org\/{rel}","templated":true}]}}